{"id":15273,"date":"2020-12-17T19:17:19","date_gmt":"2020-12-17T18:23:24","guid":{"rendered":"https:\/\/www.bardeni.es\/product\/steak-tartar-de-angus-beef-alino-separado\/"},"modified":"2024-12-27T21:36:51","modified_gmt":"2024-12-27T20:36:51","slug":"steak-tartar-de-angus-beef-condimento-separado","status":"publish","type":"product","link":"https:\/\/www.bardeni.es\/es\/producto\/steak-tartar-de-angus-beef-condimento-separado\/","title":{"rendered":"Steak tartar de Angus beef (ali\u00f1o separado)"},"content":{"rendered":"","protected":false},"excerpt":{"rendered":"<p>\u00a1Nuestro cl\u00e1sico!<br \/>\nCon tostadas de pan (G)<br \/>\nLa carne picada a cuchillo con el ali\u00f1o separado para que se lo pueda acabar en el momento que se lo quiera comer.<br \/>\nSe puede conservar en la nevera hasta el d\u00eda despu\u00e9s.<\/p>\n","protected":false},"featured_media":15351,"template":"","meta":[],"product_brand":[],"product_cat":[443],"product_tag":[],"class_list":{"0":"post-15273","1":"product","2":"type-product","3":"status-publish","4":"has-post-thumbnail","6":"product_cat-platos-para-llevar","9":"first","10":"instock","11":"taxable","12":"shipping-taxable","13":"purchasable","14":"product-type-simple"},"yoast_head":"<!-- This site is optimized with the Yoast SEO plugin v27.4 - https:\/\/yoast.com\/product\/yoast-seo-wordpress\/ -->\n<title>Steak tartar de Angus beef (ali\u00f1o separado) - Bardeni el Meatbar<\/title>\n<meta name=\"robots\" content=\"index, follow, max-snippet:-1, max-image-preview:large, max-video-preview:-1\" \/>\n<link rel=\"canonical\" href=\"https:\/\/www.bardeni.es\/es\/producto\/steak-tartar-de-angus-beef-condimento-separado\/\" \/>\n<meta property=\"og:locale\" content=\"es_ES\" \/>\n<meta property=\"og:type\" content=\"article\" \/>\n<meta property=\"og:title\" content=\"Steak tartar de Angus beef (ali\u00f1o separado) - Bardeni el Meatbar\" \/>\n<meta property=\"og:description\" content=\"\u00a1Nuestro cl\u00e1sico! Con tostadas de pan (G) La carne picada a cuchillo con el ali\u00f1o separado para que se lo pueda acabar en el momento que se lo quiera comer. Se puede conservar en la nevera hasta el d\u00eda despu\u00e9s.\" \/>\n<meta property=\"og:url\" content=\"https:\/\/www.bardeni.es\/es\/producto\/steak-tartar-de-angus-beef-condimento-separado\/\" \/>\n<meta property=\"og:site_name\" content=\"Bardeni el Meatbar\" \/>\n<meta property=\"article:modified_time\" content=\"2024-12-27T20:36:51+00:00\" \/>\n<meta property=\"og:image\" content=\"https:\/\/i0.wp.com\/www.bardeni.es\/wp-content\/uploads\/2020\/11\/steak-separado.jpg?fit=950%2C713&ssl=1\" \/>\n\t<meta property=\"og:image:width\" content=\"950\" \/>\n\t<meta property=\"og:image:height\" content=\"713\" \/>\n\t<meta property=\"og:image:type\" content=\"image\/jpeg\" \/>\n<meta name=\"twitter:card\" content=\"summary_large_image\" \/>\n<script type=\"application\/ld+json\" class=\"yoast-schema-graph\">{\"@context\":\"https:\\\/\\\/schema.org\",\"@graph\":[{\"@type\":\"WebPage\",\"@id\":\"https:\\\/\\\/www.bardeni.es\\\/es\\\/producto\\\/steak-tartar-de-angus-beef-condimento-separado\\\/\",\"url\":\"https:\\\/\\\/www.bardeni.es\\\/es\\\/producto\\\/steak-tartar-de-angus-beef-condimento-separado\\\/\",\"name\":\"Steak tartar de Angus beef (ali\u00f1o separado) - Bardeni el Meatbar\",\"isPartOf\":{\"@id\":\"https:\\\/\\\/www.bardeni.es\\\/es\\\/#website\"},\"primaryImageOfPage\":{\"@id\":\"https:\\\/\\\/www.bardeni.es\\\/es\\\/producto\\\/steak-tartar-de-angus-beef-condimento-separado\\\/#primaryimage\"},\"image\":{\"@id\":\"https:\\\/\\\/www.bardeni.es\\\/es\\\/producto\\\/steak-tartar-de-angus-beef-condimento-separado\\\/#primaryimage\"},\"thumbnailUrl\":\"https:\\\/\\\/www.bardeni.es\\\/wp-content\\\/uploads\\\/2020\\\/11\\\/steak-separado.jpg\",\"datePublished\":\"2020-12-17T18:23:24+00:00\",\"dateModified\":\"2024-12-27T20:36:51+00:00\",\"breadcrumb\":{\"@id\":\"https:\\\/\\\/www.bardeni.es\\\/es\\\/producto\\\/steak-tartar-de-angus-beef-condimento-separado\\\/#breadcrumb\"},\"inLanguage\":\"es\",\"potentialAction\":[{\"@type\":\"ReadAction\",\"target\":[\"https:\\\/\\\/www.bardeni.es\\\/es\\\/producto\\\/steak-tartar-de-angus-beef-condimento-separado\\\/\"]}]},{\"@type\":\"ImageObject\",\"inLanguage\":\"es\",\"@id\":\"https:\\\/\\\/www.bardeni.es\\\/es\\\/producto\\\/steak-tartar-de-angus-beef-condimento-separado\\\/#primaryimage\",\"url\":\"https:\\\/\\\/www.bardeni.es\\\/wp-content\\\/uploads\\\/2020\\\/11\\\/steak-separado.jpg\",\"contentUrl\":\"https:\\\/\\\/www.bardeni.es\\\/wp-content\\\/uploads\\\/2020\\\/11\\\/steak-separado.jpg\",\"width\":950,\"height\":713},{\"@type\":\"BreadcrumbList\",\"@id\":\"https:\\\/\\\/www.bardeni.es\\\/es\\\/producto\\\/steak-tartar-de-angus-beef-condimento-separado\\\/#breadcrumb\",\"itemListElement\":[{\"@type\":\"ListItem\",\"position\":1,\"name\":\"Inici\",\"item\":\"https:\\\/\\\/www.bardeni.es\\\/es\\\/\"},{\"@type\":\"ListItem\",\"position\":2,\"name\":\"Shop\",\"item\":\"https:\\\/\\\/www.bardeni.es\\\/es\\\/?page_id=13174\"},{\"@type\":\"ListItem\",\"position\":3,\"name\":\"Steak tartar de Angus beef (ali\u00f1o separado)\"}]},{\"@type\":\"WebSite\",\"@id\":\"https:\\\/\\\/www.bardeni.es\\\/es\\\/#website\",\"url\":\"https:\\\/\\\/www.bardeni.es\\\/es\\\/\",\"name\":\"Bardeni el Meatbar\",\"description\":\"Bardeni\",\"potentialAction\":[{\"@type\":\"SearchAction\",\"target\":{\"@type\":\"EntryPoint\",\"urlTemplate\":\"https:\\\/\\\/www.bardeni.es\\\/es\\\/?s={search_term_string}\"},\"query-input\":{\"@type\":\"PropertyValueSpecification\",\"valueRequired\":true,\"valueName\":\"search_term_string\"}}],\"inLanguage\":\"es\"}]}<\/script>\n<!-- \/ Yoast SEO plugin. -->","yoast_head_json":{"title":"Steak tartar de Angus beef (ali\u00f1o separado) - Bardeni el Meatbar","robots":{"index":"index","follow":"follow","max-snippet":"max-snippet:-1","max-image-preview":"max-image-preview:large","max-video-preview":"max-video-preview:-1"},"canonical":"https:\/\/www.bardeni.es\/es\/producto\/steak-tartar-de-angus-beef-condimento-separado\/","og_locale":"es_ES","og_type":"article","og_title":"Steak tartar de Angus beef (ali\u00f1o separado) - Bardeni el Meatbar","og_description":"\u00a1Nuestro cl\u00e1sico! Con tostadas de pan (G) La carne picada a cuchillo con el ali\u00f1o separado para que se lo pueda acabar en el momento que se lo quiera comer. Se puede conservar en la nevera hasta el d\u00eda despu\u00e9s.","og_url":"https:\/\/www.bardeni.es\/es\/producto\/steak-tartar-de-angus-beef-condimento-separado\/","og_site_name":"Bardeni el Meatbar","article_modified_time":"2024-12-27T20:36:51+00:00","og_image":[{"width":950,"height":713,"url":"https:\/\/i0.wp.com\/www.bardeni.es\/wp-content\/uploads\/2020\/11\/steak-separado.jpg?fit=950%2C713&ssl=1","type":"image\/jpeg"}],"twitter_card":"summary_large_image","schema":{"@context":"https:\/\/schema.org","@graph":[{"@type":"WebPage","@id":"https:\/\/www.bardeni.es\/es\/producto\/steak-tartar-de-angus-beef-condimento-separado\/","url":"https:\/\/www.bardeni.es\/es\/producto\/steak-tartar-de-angus-beef-condimento-separado\/","name":"Steak tartar de Angus beef (ali\u00f1o separado) - Bardeni el Meatbar","isPartOf":{"@id":"https:\/\/www.bardeni.es\/es\/#website"},"primaryImageOfPage":{"@id":"https:\/\/www.bardeni.es\/es\/producto\/steak-tartar-de-angus-beef-condimento-separado\/#primaryimage"},"image":{"@id":"https:\/\/www.bardeni.es\/es\/producto\/steak-tartar-de-angus-beef-condimento-separado\/#primaryimage"},"thumbnailUrl":"https:\/\/www.bardeni.es\/wp-content\/uploads\/2020\/11\/steak-separado.jpg","datePublished":"2020-12-17T18:23:24+00:00","dateModified":"2024-12-27T20:36:51+00:00","breadcrumb":{"@id":"https:\/\/www.bardeni.es\/es\/producto\/steak-tartar-de-angus-beef-condimento-separado\/#breadcrumb"},"inLanguage":"es","potentialAction":[{"@type":"ReadAction","target":["https:\/\/www.bardeni.es\/es\/producto\/steak-tartar-de-angus-beef-condimento-separado\/"]}]},{"@type":"ImageObject","inLanguage":"es","@id":"https:\/\/www.bardeni.es\/es\/producto\/steak-tartar-de-angus-beef-condimento-separado\/#primaryimage","url":"https:\/\/www.bardeni.es\/wp-content\/uploads\/2020\/11\/steak-separado.jpg","contentUrl":"https:\/\/www.bardeni.es\/wp-content\/uploads\/2020\/11\/steak-separado.jpg","width":950,"height":713},{"@type":"BreadcrumbList","@id":"https:\/\/www.bardeni.es\/es\/producto\/steak-tartar-de-angus-beef-condimento-separado\/#breadcrumb","itemListElement":[{"@type":"ListItem","position":1,"name":"Inici","item":"https:\/\/www.bardeni.es\/es\/"},{"@type":"ListItem","position":2,"name":"Shop","item":"https:\/\/www.bardeni.es\/es\/?page_id=13174"},{"@type":"ListItem","position":3,"name":"Steak tartar de Angus beef (ali\u00f1o separado)"}]},{"@type":"WebSite","@id":"https:\/\/www.bardeni.es\/es\/#website","url":"https:\/\/www.bardeni.es\/es\/","name":"Bardeni el Meatbar","description":"Bardeni","potentialAction":[{"@type":"SearchAction","target":{"@type":"EntryPoint","urlTemplate":"https:\/\/www.bardeni.es\/es\/?s={search_term_string}"},"query-input":{"@type":"PropertyValueSpecification","valueRequired":true,"valueName":"search_term_string"}}],"inLanguage":"es"}]}},"_links":{"self":[{"href":"https:\/\/www.bardeni.es\/es\/wp-json\/wp\/v2\/product\/15273","targetHints":{"allow":["GET"]}}],"collection":[{"href":"https:\/\/www.bardeni.es\/es\/wp-json\/wp\/v2\/product"}],"about":[{"href":"https:\/\/www.bardeni.es\/es\/wp-json\/wp\/v2\/types\/product"}],"wp:featuredmedia":[{"embeddable":true,"href":"https:\/\/www.bardeni.es\/es\/wp-json\/wp\/v2\/media\/15351"}],"wp:attachment":[{"href":"https:\/\/www.bardeni.es\/es\/wp-json\/wp\/v2\/media?parent=15273"}],"wp:term":[{"taxonomy":"product_brand","embeddable":true,"href":"https:\/\/www.bardeni.es\/es\/wp-json\/wp\/v2\/product_brand?post=15273"},{"taxonomy":"product_cat","embeddable":true,"href":"https:\/\/www.bardeni.es\/es\/wp-json\/wp\/v2\/product_cat?post=15273"},{"taxonomy":"product_tag","embeddable":true,"href":"https:\/\/www.bardeni.es\/es\/wp-json\/wp\/v2\/product_tag?post=15273"}],"curies":[{"name":"wp","href":"https:\/\/api.w.org\/{rel}","templated":true}]}}

Steak tartar de Angus beef (aliño separado)

<p>¡Nuestro clásico!<br />
Con tostadas de pan (G)<br />
La carne picada a cuchillo con el aliño separado para que se lo pueda acabar en el momento que se lo quiera comer.<br />
Se puede conservar en la nevera hasta el día después.</p>

<!-- This site is optimized with the Yoast SEO plugin v27.4 - https://yoast.com/product/yoast-seo-wordpress/ -->
<title>Steak tartar de Angus beef (aliño separado) - Bardeni el Meatbar</title>
<meta name="robots" content="index, follow, max-snippet:-1, max-image-preview:large, max-video-preview:-1" />
<link rel="canonical" href="https://www.bardeni.es/es/producto/steak-tartar-de-angus-beef-condimento-separado/" />
<meta property="og:locale" content="es_ES" />
<meta property="og:type" content="article" />
<meta property="og:title" content="Steak tartar de Angus beef (aliño separado) - Bardeni el Meatbar" />
<meta property="og:description" content="¡Nuestro clásico! Con tostadas de pan (G) La carne picada a cuchillo con el aliño separado para que se lo pueda acabar en el momento que se lo quiera comer. Se puede conservar en la nevera hasta el día después." />
<meta property="og:url" content="https://www.bardeni.es/es/producto/steak-tartar-de-angus-beef-condimento-separado/" />
<meta property="og:site_name" content="Bardeni el Meatbar" />
<meta property="article:modified_time" content="2024-12-27T20:36:51+00:00" />
<meta property="og:image" content="https://i0.wp.com/www.bardeni.es/wp-content/uploads/2020/11/steak-separado.jpg?fit=950%2C713&ssl=1" />
	<meta property="og:image:width" content="950" />
	<meta property="og:image:height" content="713" />
	<meta property="og:image:type" content="image/jpeg" />
<meta name="twitter:card" content="summary_large_image" />
<script type="application/ld+json" class="yoast-schema-graph">{"@context":"https:\/\/schema.org","@graph":[{"@type":"WebPage","@id":"https:\/\/www.bardeni.es\/es\/producto\/steak-tartar-de-angus-beef-condimento-separado\/","url":"https:\/\/www.bardeni.es\/es\/producto\/steak-tartar-de-angus-beef-condimento-separado\/","name":"Steak tartar de Angus beef (aliño separado) - Bardeni el Meatbar","isPartOf":{"@id":"https:\/\/www.bardeni.es\/es\/#website"},"primaryImageOfPage":{"@id":"https:\/\/www.bardeni.es\/es\/producto\/steak-tartar-de-angus-beef-condimento-separado\/#primaryimage"},"image":{"@id":"https:\/\/www.bardeni.es\/es\/producto\/steak-tartar-de-angus-beef-condimento-separado\/#primaryimage"},"thumbnailUrl":"https:\/\/www.bardeni.es\/wp-content\/uploads\/2020\/11\/steak-separado.jpg","datePublished":"2020-12-17T18:23:24+00:00","dateModified":"2024-12-27T20:36:51+00:00","breadcrumb":{"@id":"https:\/\/www.bardeni.es\/es\/producto\/steak-tartar-de-angus-beef-condimento-separado\/#breadcrumb"},"inLanguage":"es","potentialAction":[{"@type":"ReadAction","target":["https:\/\/www.bardeni.es\/es\/producto\/steak-tartar-de-angus-beef-condimento-separado\/"]}]},{"@type":"ImageObject","inLanguage":"es","@id":"https:\/\/www.bardeni.es\/es\/producto\/steak-tartar-de-angus-beef-condimento-separado\/#primaryimage","url":"https:\/\/www.bardeni.es\/wp-content\/uploads\/2020\/11\/steak-separado.jpg","contentUrl":"https:\/\/www.bardeni.es\/wp-content\/uploads\/2020\/11\/steak-separado.jpg","width":950,"height":713},{"@type":"BreadcrumbList","@id":"https:\/\/www.bardeni.es\/es\/producto\/steak-tartar-de-angus-beef-condimento-separado\/#breadcrumb","itemListElement":[{"@type":"ListItem","position":1,"name":"Inici","item":"https:\/\/www.bardeni.es\/es\/"},{"@type":"ListItem","position":2,"name":"Shop","item":"https:\/\/www.bardeni.es\/es\/?page_id=13174"},{"@type":"ListItem","position":3,"name":"Steak tartar de Angus beef (aliño separado)"}]},{"@type":"WebSite","@id":"https:\/\/www.bardeni.es\/es\/#website","url":"https:\/\/www.bardeni.es\/es\/","name":"Bardeni el Meatbar","description":"Bardeni","potentialAction":[{"@type":"SearchAction","target":{"@type":"EntryPoint","urlTemplate":"https:\/\/www.bardeni.es\/es\/?s={search_term_string}"},"query-input":{"@type":"PropertyValueSpecification","valueRequired":true,"valueName":"search_term_string"}}],"inLanguage":"es"}]}</script>
<!-- / Yoast SEO plugin. -->

Steak tartar de Angus beef (aliño separado) - Bardeni el Meatbar

¡Nuestro clásico! Con tostadas de pan (G) La carne picada a cuchillo con el aliño separado para que se lo pueda acabar en el momento que se lo quiera comer. Se puede conservar en la nevera hasta el día después.
