{"id":13576,"date":"2020-06-09T22:00:28","date_gmt":"2020-06-10T14:36:45","guid":{"rendered":"https:\/\/www.bardeni.es\/product\/entrecote-de-vaca-charolais-cafe-de-paris\/"},"modified":"2020-06-10T14:36:45","modified_gmt":"2020-06-10T14:36:45","slug":"entrecote-de-vaca-charolais-cafe-de-paris-2","status":"publish","type":"product","link":"https:\/\/www.bardeni.es\/en\/product\/entrecote-de-vaca-charolais-cafe-de-paris-2\/","title":{"rendered":"Entrec\u00f4te de vaca Charolais, caf\u00e9 de Par\u00eds"},"content":{"rendered":"","protected":false},"excerpt":{"rendered":"<p>La carne va s\u00f3lo marcada, cruda por dentro, para poder acabarla en la plancha de casa al gusto<br \/>\nLa acompa\u00f1amos con patatas y salsa caf\u00e9 de Par\u00eds (L,F)<\/p>\n","protected":false},"featured_media":13472,"template":"","meta":[],"product_brand":[],"product_cat":[443],"product_tag":[],"class_list":{"0":"post-13576","1":"product","2":"type-product","3":"status-publish","4":"has-post-thumbnail","6":"product_cat-platos-para-llevar","9":"first","10":"instock","11":"taxable","12":"shipping-taxable","13":"purchasable","14":"product-type-simple"},"yoast_head":"<!-- This site is optimized with the Yoast SEO plugin v27.5 - https:\/\/yoast.com\/product\/yoast-seo-wordpress\/ -->\n<title>Entrec\u00f4te de vaca Charolais, caf\u00e9 de Par\u00eds - Bardeni el Meatbar<\/title>\n<meta name=\"robots\" content=\"index, follow, max-snippet:-1, max-image-preview:large, max-video-preview:-1\" \/>\n<link rel=\"canonical\" href=\"https:\/\/www.bardeni.es\/en\/product\/entrecote-de-vaca-charolais-cafe-de-paris-2\/\" \/>\n<meta property=\"og:locale\" content=\"en_US\" \/>\n<meta property=\"og:type\" content=\"article\" \/>\n<meta property=\"og:title\" content=\"Entrec\u00f4te de vaca Charolais, caf\u00e9 de Par\u00eds - Bardeni el Meatbar\" \/>\n<meta property=\"og:description\" content=\"La carne va s\u00f3lo marcada, cruda por dentro, para poder acabarla en la plancha de casa al gusto La acompa\u00f1amos con patatas y salsa caf\u00e9 de Par\u00eds (L,F)\" \/>\n<meta property=\"og:url\" content=\"https:\/\/www.bardeni.es\/en\/product\/entrecote-de-vaca-charolais-cafe-de-paris-2\/\" \/>\n<meta property=\"og:site_name\" content=\"Bardeni el Meatbar\" \/>\n<meta property=\"og:image\" content=\"https:\/\/www.bardeni.es\/wp-content\/uploads\/2018\/02\/entrecote-planxa.jpg\" \/>\n\t<meta property=\"og:image:width\" content=\"950\" \/>\n\t<meta property=\"og:image:height\" content=\"713\" \/>\n\t<meta property=\"og:image:type\" content=\"image\/jpeg\" \/>\n<meta name=\"twitter:card\" content=\"summary_large_image\" \/>\n<script type=\"application\/ld+json\" class=\"yoast-schema-graph\">{\"@context\":\"https:\\\/\\\/schema.org\",\"@graph\":[{\"@type\":\"WebPage\",\"@id\":\"https:\\\/\\\/www.bardeni.es\\\/en\\\/product\\\/entrecote-de-vaca-charolais-cafe-de-paris-2\\\/\",\"url\":\"https:\\\/\\\/www.bardeni.es\\\/en\\\/product\\\/entrecote-de-vaca-charolais-cafe-de-paris-2\\\/\",\"name\":\"Entrec\u00f4te de vaca Charolais, caf\u00e9 de Par\u00eds - Bardeni el Meatbar\",\"isPartOf\":{\"@id\":\"https:\\\/\\\/www.bardeni.es\\\/en\\\/#website\"},\"primaryImageOfPage\":{\"@id\":\"https:\\\/\\\/www.bardeni.es\\\/en\\\/product\\\/entrecote-de-vaca-charolais-cafe-de-paris-2\\\/#primaryimage\"},\"image\":{\"@id\":\"https:\\\/\\\/www.bardeni.es\\\/en\\\/product\\\/entrecote-de-vaca-charolais-cafe-de-paris-2\\\/#primaryimage\"},\"thumbnailUrl\":\"https:\\\/\\\/www.bardeni.es\\\/wp-content\\\/uploads\\\/2018\\\/02\\\/entrecote-planxa.jpg\",\"datePublished\":\"2020-06-10T14:36:45+00:00\",\"breadcrumb\":{\"@id\":\"https:\\\/\\\/www.bardeni.es\\\/en\\\/product\\\/entrecote-de-vaca-charolais-cafe-de-paris-2\\\/#breadcrumb\"},\"inLanguage\":\"en-US\",\"potentialAction\":[{\"@type\":\"ReadAction\",\"target\":[\"https:\\\/\\\/www.bardeni.es\\\/en\\\/product\\\/entrecote-de-vaca-charolais-cafe-de-paris-2\\\/\"]}]},{\"@type\":\"ImageObject\",\"inLanguage\":\"en-US\",\"@id\":\"https:\\\/\\\/www.bardeni.es\\\/en\\\/product\\\/entrecote-de-vaca-charolais-cafe-de-paris-2\\\/#primaryimage\",\"url\":\"https:\\\/\\\/www.bardeni.es\\\/wp-content\\\/uploads\\\/2018\\\/02\\\/entrecote-planxa.jpg\",\"contentUrl\":\"https:\\\/\\\/www.bardeni.es\\\/wp-content\\\/uploads\\\/2018\\\/02\\\/entrecote-planxa.jpg\",\"width\":950,\"height\":713},{\"@type\":\"BreadcrumbList\",\"@id\":\"https:\\\/\\\/www.bardeni.es\\\/en\\\/product\\\/entrecote-de-vaca-charolais-cafe-de-paris-2\\\/#breadcrumb\",\"itemListElement\":[{\"@type\":\"ListItem\",\"position\":1,\"name\":\"Inici\",\"item\":\"https:\\\/\\\/www.bardeni.es\\\/en\\\/\"},{\"@type\":\"ListItem\",\"position\":2,\"name\":\"Shop\",\"item\":\"https:\\\/\\\/www.bardeni.es\\\/en\\\/?page_id=13173\"},{\"@type\":\"ListItem\",\"position\":3,\"name\":\"Entrec\u00f4te de vaca Charolais, caf\u00e9 de Par\u00eds\"}]},{\"@type\":\"WebSite\",\"@id\":\"https:\\\/\\\/www.bardeni.es\\\/en\\\/#website\",\"url\":\"https:\\\/\\\/www.bardeni.es\\\/en\\\/\",\"name\":\"Bardeni el Meatbar\",\"description\":\"Bardeni\",\"potentialAction\":[{\"@type\":\"SearchAction\",\"target\":{\"@type\":\"EntryPoint\",\"urlTemplate\":\"https:\\\/\\\/www.bardeni.es\\\/en\\\/?s={search_term_string}\"},\"query-input\":{\"@type\":\"PropertyValueSpecification\",\"valueRequired\":true,\"valueName\":\"search_term_string\"}}],\"inLanguage\":\"en-US\"}]}<\/script>\n<!-- \/ Yoast SEO plugin. -->","yoast_head_json":{"title":"Entrec\u00f4te de vaca Charolais, caf\u00e9 de Par\u00eds - Bardeni el Meatbar","robots":{"index":"index","follow":"follow","max-snippet":"max-snippet:-1","max-image-preview":"max-image-preview:large","max-video-preview":"max-video-preview:-1"},"canonical":"https:\/\/www.bardeni.es\/en\/product\/entrecote-de-vaca-charolais-cafe-de-paris-2\/","og_locale":"en_US","og_type":"article","og_title":"Entrec\u00f4te de vaca Charolais, caf\u00e9 de Par\u00eds - Bardeni el Meatbar","og_description":"La carne va s\u00f3lo marcada, cruda por dentro, para poder acabarla en la plancha de casa al gusto La acompa\u00f1amos con patatas y salsa caf\u00e9 de Par\u00eds (L,F)","og_url":"https:\/\/www.bardeni.es\/en\/product\/entrecote-de-vaca-charolais-cafe-de-paris-2\/","og_site_name":"Bardeni el Meatbar","og_image":[{"width":950,"height":713,"url":"https:\/\/www.bardeni.es\/wp-content\/uploads\/2018\/02\/entrecote-planxa.jpg","type":"image\/jpeg"}],"twitter_card":"summary_large_image","schema":{"@context":"https:\/\/schema.org","@graph":[{"@type":"WebPage","@id":"https:\/\/www.bardeni.es\/en\/product\/entrecote-de-vaca-charolais-cafe-de-paris-2\/","url":"https:\/\/www.bardeni.es\/en\/product\/entrecote-de-vaca-charolais-cafe-de-paris-2\/","name":"Entrec\u00f4te de vaca Charolais, caf\u00e9 de Par\u00eds - Bardeni el Meatbar","isPartOf":{"@id":"https:\/\/www.bardeni.es\/en\/#website"},"primaryImageOfPage":{"@id":"https:\/\/www.bardeni.es\/en\/product\/entrecote-de-vaca-charolais-cafe-de-paris-2\/#primaryimage"},"image":{"@id":"https:\/\/www.bardeni.es\/en\/product\/entrecote-de-vaca-charolais-cafe-de-paris-2\/#primaryimage"},"thumbnailUrl":"https:\/\/www.bardeni.es\/wp-content\/uploads\/2018\/02\/entrecote-planxa.jpg","datePublished":"2020-06-10T14:36:45+00:00","breadcrumb":{"@id":"https:\/\/www.bardeni.es\/en\/product\/entrecote-de-vaca-charolais-cafe-de-paris-2\/#breadcrumb"},"inLanguage":"en-US","potentialAction":[{"@type":"ReadAction","target":["https:\/\/www.bardeni.es\/en\/product\/entrecote-de-vaca-charolais-cafe-de-paris-2\/"]}]},{"@type":"ImageObject","inLanguage":"en-US","@id":"https:\/\/www.bardeni.es\/en\/product\/entrecote-de-vaca-charolais-cafe-de-paris-2\/#primaryimage","url":"https:\/\/www.bardeni.es\/wp-content\/uploads\/2018\/02\/entrecote-planxa.jpg","contentUrl":"https:\/\/www.bardeni.es\/wp-content\/uploads\/2018\/02\/entrecote-planxa.jpg","width":950,"height":713},{"@type":"BreadcrumbList","@id":"https:\/\/www.bardeni.es\/en\/product\/entrecote-de-vaca-charolais-cafe-de-paris-2\/#breadcrumb","itemListElement":[{"@type":"ListItem","position":1,"name":"Inici","item":"https:\/\/www.bardeni.es\/en\/"},{"@type":"ListItem","position":2,"name":"Shop","item":"https:\/\/www.bardeni.es\/en\/?page_id=13173"},{"@type":"ListItem","position":3,"name":"Entrec\u00f4te de vaca Charolais, caf\u00e9 de Par\u00eds"}]},{"@type":"WebSite","@id":"https:\/\/www.bardeni.es\/en\/#website","url":"https:\/\/www.bardeni.es\/en\/","name":"Bardeni el Meatbar","description":"Bardeni","potentialAction":[{"@type":"SearchAction","target":{"@type":"EntryPoint","urlTemplate":"https:\/\/www.bardeni.es\/en\/?s={search_term_string}"},"query-input":{"@type":"PropertyValueSpecification","valueRequired":true,"valueName":"search_term_string"}}],"inLanguage":"en-US"}]}},"_links":{"self":[{"href":"https:\/\/www.bardeni.es\/en\/wp-json\/wp\/v2\/product\/13576","targetHints":{"allow":["GET"]}}],"collection":[{"href":"https:\/\/www.bardeni.es\/en\/wp-json\/wp\/v2\/product"}],"about":[{"href":"https:\/\/www.bardeni.es\/en\/wp-json\/wp\/v2\/types\/product"}],"wp:featuredmedia":[{"embeddable":true,"href":"https:\/\/www.bardeni.es\/en\/wp-json\/wp\/v2\/media\/13472"}],"wp:attachment":[{"href":"https:\/\/www.bardeni.es\/en\/wp-json\/wp\/v2\/media?parent=13576"}],"wp:term":[{"taxonomy":"product_brand","embeddable":true,"href":"https:\/\/www.bardeni.es\/en\/wp-json\/wp\/v2\/product_brand?post=13576"},{"taxonomy":"product_cat","embeddable":true,"href":"https:\/\/www.bardeni.es\/en\/wp-json\/wp\/v2\/product_cat?post=13576"},{"taxonomy":"product_tag","embeddable":true,"href":"https:\/\/www.bardeni.es\/en\/wp-json\/wp\/v2\/product_tag?post=13576"}],"curies":[{"name":"wp","href":"https:\/\/api.w.org\/{rel}","templated":true}]}}

Entrecôte de vaca Charolais, café de París

<p>La carne va sólo marcada, cruda por dentro, para poder acabarla en la plancha de casa al gusto<br />
La acompañamos con patatas y salsa café de París (L,F)</p>

<!-- This site is optimized with the Yoast SEO plugin v27.5 - https://yoast.com/product/yoast-seo-wordpress/ -->
<title>Entrecôte de vaca Charolais, café de París - Bardeni el Meatbar</title>
<meta name="robots" content="index, follow, max-snippet:-1, max-image-preview:large, max-video-preview:-1" />
<link rel="canonical" href="https://www.bardeni.es/en/product/entrecote-de-vaca-charolais-cafe-de-paris-2/" />
<meta property="og:locale" content="en_US" />
<meta property="og:type" content="article" />
<meta property="og:title" content="Entrecôte de vaca Charolais, café de París - Bardeni el Meatbar" />
<meta property="og:description" content="La carne va sólo marcada, cruda por dentro, para poder acabarla en la plancha de casa al gusto La acompañamos con patatas y salsa café de París (L,F)" />
<meta property="og:url" content="https://www.bardeni.es/en/product/entrecote-de-vaca-charolais-cafe-de-paris-2/" />
<meta property="og:site_name" content="Bardeni el Meatbar" />
<meta property="og:image" content="https://www.bardeni.es/wp-content/uploads/2018/02/entrecote-planxa.jpg" />
	<meta property="og:image:width" content="950" />
	<meta property="og:image:height" content="713" />
	<meta property="og:image:type" content="image/jpeg" />
<meta name="twitter:card" content="summary_large_image" />
<script type="application/ld+json" class="yoast-schema-graph">{"@context":"https:\/\/schema.org","@graph":[{"@type":"WebPage","@id":"https:\/\/www.bardeni.es\/en\/product\/entrecote-de-vaca-charolais-cafe-de-paris-2\/","url":"https:\/\/www.bardeni.es\/en\/product\/entrecote-de-vaca-charolais-cafe-de-paris-2\/","name":"Entrecôte de vaca Charolais, café de París - Bardeni el Meatbar","isPartOf":{"@id":"https:\/\/www.bardeni.es\/en\/#website"},"primaryImageOfPage":{"@id":"https:\/\/www.bardeni.es\/en\/product\/entrecote-de-vaca-charolais-cafe-de-paris-2\/#primaryimage"},"image":{"@id":"https:\/\/www.bardeni.es\/en\/product\/entrecote-de-vaca-charolais-cafe-de-paris-2\/#primaryimage"},"thumbnailUrl":"https:\/\/www.bardeni.es\/wp-content\/uploads\/2018\/02\/entrecote-planxa.jpg","datePublished":"2020-06-10T14:36:45+00:00","breadcrumb":{"@id":"https:\/\/www.bardeni.es\/en\/product\/entrecote-de-vaca-charolais-cafe-de-paris-2\/#breadcrumb"},"inLanguage":"en-US","potentialAction":[{"@type":"ReadAction","target":["https:\/\/www.bardeni.es\/en\/product\/entrecote-de-vaca-charolais-cafe-de-paris-2\/"]}]},{"@type":"ImageObject","inLanguage":"en-US","@id":"https:\/\/www.bardeni.es\/en\/product\/entrecote-de-vaca-charolais-cafe-de-paris-2\/#primaryimage","url":"https:\/\/www.bardeni.es\/wp-content\/uploads\/2018\/02\/entrecote-planxa.jpg","contentUrl":"https:\/\/www.bardeni.es\/wp-content\/uploads\/2018\/02\/entrecote-planxa.jpg","width":950,"height":713},{"@type":"BreadcrumbList","@id":"https:\/\/www.bardeni.es\/en\/product\/entrecote-de-vaca-charolais-cafe-de-paris-2\/#breadcrumb","itemListElement":[{"@type":"ListItem","position":1,"name":"Inici","item":"https:\/\/www.bardeni.es\/en\/"},{"@type":"ListItem","position":2,"name":"Shop","item":"https:\/\/www.bardeni.es\/en\/?page_id=13173"},{"@type":"ListItem","position":3,"name":"Entrecôte de vaca Charolais, café de París"}]},{"@type":"WebSite","@id":"https:\/\/www.bardeni.es\/en\/#website","url":"https:\/\/www.bardeni.es\/en\/","name":"Bardeni el Meatbar","description":"Bardeni","potentialAction":[{"@type":"SearchAction","target":{"@type":"EntryPoint","urlTemplate":"https:\/\/www.bardeni.es\/en\/?s={search_term_string}"},"query-input":{"@type":"PropertyValueSpecification","valueRequired":true,"valueName":"search_term_string"}}],"inLanguage":"en-US"}]}</script>
<!-- / Yoast SEO plugin. -->

Entrecôte de vaca Charolais, café de París - Bardeni el Meatbar

La carne va sólo marcada, cruda por dentro, para poder acabarla en la plancha de casa al gusto La acompañamos con patatas y salsa café de París (L,F)
