{"id":14753,"date":"2020-11-05T17:14:34","date_gmt":"2020-11-05T16:14:34","guid":{"rendered":"https:\/\/www.bardeni.es\/?post_type=product&#038;p=14753"},"modified":"2023-10-23T11:04:56","modified_gmt":"2023-10-23T09:04:56","slug":"turo","status":"publish","type":"product","link":"https:\/\/www.bardeni.es\/ca\/producte\/turo\/","title":{"rendered":"Tiet JAN &#8217;21"},"content":{"rendered":"","protected":false},"excerpt":{"rendered":"<p>Vi blanc<br \/>\nCeller Mas Gom\u00e0<br \/>\nRa\u00efm: Xarel.lo<br \/>\nAlt Pened\u00e8s<\/p>\n","protected":false},"featured_media":16850,"template":"","meta":[],"product_brand":[],"product_cat":[446,408],"product_tag":[],"class_list":{"0":"post-14753","1":"product","2":"type-product","3":"status-publish","4":"has-post-thumbnail","6":"product_cat-suggeriment","7":"product_cat-vins-per-emportar","10":"first","11":"outofstock","12":"taxable","13":"shipping-taxable","14":"purchasable","15":"product-type-simple"},"yoast_head":"<!-- This site is optimized with the Yoast SEO plugin v27.5 - https:\/\/yoast.com\/product\/yoast-seo-wordpress\/ -->\n<title>Tiet JAN &#039;21 - Bardeni el Meatbar<\/title>\n<meta name=\"robots\" content=\"index, follow, max-snippet:-1, max-image-preview:large, max-video-preview:-1\" \/>\n<link rel=\"canonical\" href=\"https:\/\/www.bardeni.es\/ca\/producte\/turo\/\" \/>\n<meta property=\"og:locale\" content=\"ca_ES\" \/>\n<meta property=\"og:type\" content=\"article\" \/>\n<meta property=\"og:title\" content=\"Tiet JAN &#039;21 - Bardeni el Meatbar\" \/>\n<meta property=\"og:description\" content=\"Vi blanc Celler Mas Gom\u00e0 Ra\u00efm: Xarel.lo Alt Pened\u00e8s\" \/>\n<meta property=\"og:url\" content=\"https:\/\/www.bardeni.es\/ca\/producte\/turo\/\" \/>\n<meta property=\"og:site_name\" content=\"Bardeni el Meatbar\" \/>\n<meta property=\"article:modified_time\" content=\"2023-10-23T09:04:56+00:00\" \/>\n<meta property=\"og:image\" content=\"https:\/\/i0.wp.com\/www.bardeni.es\/wp-content\/uploads\/2020\/11\/jan-tiet.jpg?fit=200%2C500&ssl=1\" \/>\n\t<meta property=\"og:image:width\" content=\"200\" \/>\n\t<meta property=\"og:image:height\" content=\"500\" \/>\n\t<meta property=\"og:image:type\" content=\"image\/jpeg\" \/>\n<meta name=\"twitter:card\" content=\"summary_large_image\" \/>\n<script type=\"application\/ld+json\" class=\"yoast-schema-graph\">{\"@context\":\"https:\\\/\\\/schema.org\",\"@graph\":[{\"@type\":\"WebPage\",\"@id\":\"https:\\\/\\\/www.bardeni.es\\\/ca\\\/producte\\\/turo\\\/\",\"url\":\"https:\\\/\\\/www.bardeni.es\\\/ca\\\/producte\\\/turo\\\/\",\"name\":\"Tiet JAN '21 - Bardeni el Meatbar\",\"isPartOf\":{\"@id\":\"https:\\\/\\\/www.bardeni.es\\\/ca\\\/#website\"},\"primaryImageOfPage\":{\"@id\":\"https:\\\/\\\/www.bardeni.es\\\/ca\\\/producte\\\/turo\\\/#primaryimage\"},\"image\":{\"@id\":\"https:\\\/\\\/www.bardeni.es\\\/ca\\\/producte\\\/turo\\\/#primaryimage\"},\"thumbnailUrl\":\"https:\\\/\\\/www.bardeni.es\\\/wp-content\\\/uploads\\\/2020\\\/11\\\/jan-tiet.jpg\",\"datePublished\":\"2020-11-05T16:14:34+00:00\",\"dateModified\":\"2023-10-23T09:04:56+00:00\",\"breadcrumb\":{\"@id\":\"https:\\\/\\\/www.bardeni.es\\\/ca\\\/producte\\\/turo\\\/#breadcrumb\"},\"inLanguage\":\"ca\",\"potentialAction\":[{\"@type\":\"ReadAction\",\"target\":[\"https:\\\/\\\/www.bardeni.es\\\/ca\\\/producte\\\/turo\\\/\"]}]},{\"@type\":\"ImageObject\",\"inLanguage\":\"ca\",\"@id\":\"https:\\\/\\\/www.bardeni.es\\\/ca\\\/producte\\\/turo\\\/#primaryimage\",\"url\":\"https:\\\/\\\/www.bardeni.es\\\/wp-content\\\/uploads\\\/2020\\\/11\\\/jan-tiet.jpg\",\"contentUrl\":\"https:\\\/\\\/www.bardeni.es\\\/wp-content\\\/uploads\\\/2020\\\/11\\\/jan-tiet.jpg\",\"width\":200,\"height\":500},{\"@type\":\"BreadcrumbList\",\"@id\":\"https:\\\/\\\/www.bardeni.es\\\/ca\\\/producte\\\/turo\\\/#breadcrumb\",\"itemListElement\":[{\"@type\":\"ListItem\",\"position\":1,\"name\":\"Inici\",\"item\":\"https:\\\/\\\/www.bardeni.es\\\/ca\\\/\"},{\"@type\":\"ListItem\",\"position\":2,\"name\":\"Shop\",\"item\":\"https:\\\/\\\/www.bardeni.es\\\/ca\\\/?page_id=13171\"},{\"@type\":\"ListItem\",\"position\":3,\"name\":\"Tiet JAN &#8217;21\"}]},{\"@type\":\"WebSite\",\"@id\":\"https:\\\/\\\/www.bardeni.es\\\/ca\\\/#website\",\"url\":\"https:\\\/\\\/www.bardeni.es\\\/ca\\\/\",\"name\":\"Bardeni el Meatbar\",\"description\":\"Bardeni\",\"potentialAction\":[{\"@type\":\"SearchAction\",\"target\":{\"@type\":\"EntryPoint\",\"urlTemplate\":\"https:\\\/\\\/www.bardeni.es\\\/ca\\\/?s={search_term_string}\"},\"query-input\":{\"@type\":\"PropertyValueSpecification\",\"valueRequired\":true,\"valueName\":\"search_term_string\"}}],\"inLanguage\":\"ca\"}]}<\/script>\n<!-- \/ Yoast SEO plugin. -->","yoast_head_json":{"title":"Tiet JAN '21 - Bardeni el Meatbar","robots":{"index":"index","follow":"follow","max-snippet":"max-snippet:-1","max-image-preview":"max-image-preview:large","max-video-preview":"max-video-preview:-1"},"canonical":"https:\/\/www.bardeni.es\/ca\/producte\/turo\/","og_locale":"ca_ES","og_type":"article","og_title":"Tiet JAN '21 - Bardeni el Meatbar","og_description":"Vi blanc Celler Mas Gom\u00e0 Ra\u00efm: Xarel.lo Alt Pened\u00e8s","og_url":"https:\/\/www.bardeni.es\/ca\/producte\/turo\/","og_site_name":"Bardeni el Meatbar","article_modified_time":"2023-10-23T09:04:56+00:00","og_image":[{"width":200,"height":500,"url":"https:\/\/i0.wp.com\/www.bardeni.es\/wp-content\/uploads\/2020\/11\/jan-tiet.jpg?fit=200%2C500&ssl=1","type":"image\/jpeg"}],"twitter_card":"summary_large_image","schema":{"@context":"https:\/\/schema.org","@graph":[{"@type":"WebPage","@id":"https:\/\/www.bardeni.es\/ca\/producte\/turo\/","url":"https:\/\/www.bardeni.es\/ca\/producte\/turo\/","name":"Tiet JAN '21 - Bardeni el Meatbar","isPartOf":{"@id":"https:\/\/www.bardeni.es\/ca\/#website"},"primaryImageOfPage":{"@id":"https:\/\/www.bardeni.es\/ca\/producte\/turo\/#primaryimage"},"image":{"@id":"https:\/\/www.bardeni.es\/ca\/producte\/turo\/#primaryimage"},"thumbnailUrl":"https:\/\/www.bardeni.es\/wp-content\/uploads\/2020\/11\/jan-tiet.jpg","datePublished":"2020-11-05T16:14:34+00:00","dateModified":"2023-10-23T09:04:56+00:00","breadcrumb":{"@id":"https:\/\/www.bardeni.es\/ca\/producte\/turo\/#breadcrumb"},"inLanguage":"ca","potentialAction":[{"@type":"ReadAction","target":["https:\/\/www.bardeni.es\/ca\/producte\/turo\/"]}]},{"@type":"ImageObject","inLanguage":"ca","@id":"https:\/\/www.bardeni.es\/ca\/producte\/turo\/#primaryimage","url":"https:\/\/www.bardeni.es\/wp-content\/uploads\/2020\/11\/jan-tiet.jpg","contentUrl":"https:\/\/www.bardeni.es\/wp-content\/uploads\/2020\/11\/jan-tiet.jpg","width":200,"height":500},{"@type":"BreadcrumbList","@id":"https:\/\/www.bardeni.es\/ca\/producte\/turo\/#breadcrumb","itemListElement":[{"@type":"ListItem","position":1,"name":"Inici","item":"https:\/\/www.bardeni.es\/ca\/"},{"@type":"ListItem","position":2,"name":"Shop","item":"https:\/\/www.bardeni.es\/ca\/?page_id=13171"},{"@type":"ListItem","position":3,"name":"Tiet JAN &#8217;21"}]},{"@type":"WebSite","@id":"https:\/\/www.bardeni.es\/ca\/#website","url":"https:\/\/www.bardeni.es\/ca\/","name":"Bardeni el Meatbar","description":"Bardeni","potentialAction":[{"@type":"SearchAction","target":{"@type":"EntryPoint","urlTemplate":"https:\/\/www.bardeni.es\/ca\/?s={search_term_string}"},"query-input":{"@type":"PropertyValueSpecification","valueRequired":true,"valueName":"search_term_string"}}],"inLanguage":"ca"}]}},"_links":{"self":[{"href":"https:\/\/www.bardeni.es\/ca\/wp-json\/wp\/v2\/product\/14753","targetHints":{"allow":["GET"]}}],"collection":[{"href":"https:\/\/www.bardeni.es\/ca\/wp-json\/wp\/v2\/product"}],"about":[{"href":"https:\/\/www.bardeni.es\/ca\/wp-json\/wp\/v2\/types\/product"}],"wp:featuredmedia":[{"embeddable":true,"href":"https:\/\/www.bardeni.es\/ca\/wp-json\/wp\/v2\/media\/16850"}],"wp:attachment":[{"href":"https:\/\/www.bardeni.es\/ca\/wp-json\/wp\/v2\/media?parent=14753"}],"wp:term":[{"taxonomy":"product_brand","embeddable":true,"href":"https:\/\/www.bardeni.es\/ca\/wp-json\/wp\/v2\/product_brand?post=14753"},{"taxonomy":"product_cat","embeddable":true,"href":"https:\/\/www.bardeni.es\/ca\/wp-json\/wp\/v2\/product_cat?post=14753"},{"taxonomy":"product_tag","embeddable":true,"href":"https:\/\/www.bardeni.es\/ca\/wp-json\/wp\/v2\/product_tag?post=14753"}],"curies":[{"name":"wp","href":"https:\/\/api.w.org\/{rel}","templated":true}]}}

<p>Vi blanc<br />
Celler Mas Gomà<br />
Raïm: Xarel.lo<br />
Alt Penedès</p>

<!-- This site is optimized with the Yoast SEO plugin v27.5 - https://yoast.com/product/yoast-seo-wordpress/ -->
<title>Tiet JAN &#039;21 - Bardeni el Meatbar</title>
<meta name="robots" content="index, follow, max-snippet:-1, max-image-preview:large, max-video-preview:-1" />
<link rel="canonical" href="https://www.bardeni.es/ca/producte/turo/" />
<meta property="og:locale" content="ca_ES" />
<meta property="og:type" content="article" />
<meta property="og:title" content="Tiet JAN &#039;21 - Bardeni el Meatbar" />
<meta property="og:description" content="Vi blanc Celler Mas Gomà Raïm: Xarel.lo Alt Penedès" />
<meta property="og:url" content="https://www.bardeni.es/ca/producte/turo/" />
<meta property="og:site_name" content="Bardeni el Meatbar" />
<meta property="article:modified_time" content="2023-10-23T09:04:56+00:00" />
<meta property="og:image" content="https://i0.wp.com/www.bardeni.es/wp-content/uploads/2020/11/jan-tiet.jpg?fit=200%2C500&ssl=1" />
	<meta property="og:image:width" content="200" />
	<meta property="og:image:height" content="500" />
	<meta property="og:image:type" content="image/jpeg" />
<meta name="twitter:card" content="summary_large_image" />
<script type="application/ld+json" class="yoast-schema-graph">{"@context":"https:\/\/schema.org","@graph":[{"@type":"WebPage","@id":"https:\/\/www.bardeni.es\/ca\/producte\/turo\/","url":"https:\/\/www.bardeni.es\/ca\/producte\/turo\/","name":"Tiet JAN '21 - Bardeni el Meatbar","isPartOf":{"@id":"https:\/\/www.bardeni.es\/ca\/#website"},"primaryImageOfPage":{"@id":"https:\/\/www.bardeni.es\/ca\/producte\/turo\/#primaryimage"},"image":{"@id":"https:\/\/www.bardeni.es\/ca\/producte\/turo\/#primaryimage"},"thumbnailUrl":"https:\/\/www.bardeni.es\/wp-content\/uploads\/2020\/11\/jan-tiet.jpg","datePublished":"2020-11-05T16:14:34+00:00","dateModified":"2023-10-23T09:04:56+00:00","breadcrumb":{"@id":"https:\/\/www.bardeni.es\/ca\/producte\/turo\/#breadcrumb"},"inLanguage":"ca","potentialAction":[{"@type":"ReadAction","target":["https:\/\/www.bardeni.es\/ca\/producte\/turo\/"]}]},{"@type":"ImageObject","inLanguage":"ca","@id":"https:\/\/www.bardeni.es\/ca\/producte\/turo\/#primaryimage","url":"https:\/\/www.bardeni.es\/wp-content\/uploads\/2020\/11\/jan-tiet.jpg","contentUrl":"https:\/\/www.bardeni.es\/wp-content\/uploads\/2020\/11\/jan-tiet.jpg","width":200,"height":500},{"@type":"BreadcrumbList","@id":"https:\/\/www.bardeni.es\/ca\/producte\/turo\/#breadcrumb","itemListElement":[{"@type":"ListItem","position":1,"name":"Inici","item":"https:\/\/www.bardeni.es\/ca\/"},{"@type":"ListItem","position":2,"name":"Shop","item":"https:\/\/www.bardeni.es\/ca\/?page_id=13171"},{"@type":"ListItem","position":3,"name":"Tiet JAN &#8217;21"}]},{"@type":"WebSite","@id":"https:\/\/www.bardeni.es\/ca\/#website","url":"https:\/\/www.bardeni.es\/ca\/","name":"Bardeni el Meatbar","description":"Bardeni","potentialAction":[{"@type":"SearchAction","target":{"@type":"EntryPoint","urlTemplate":"https:\/\/www.bardeni.es\/ca\/?s={search_term_string}"},"query-input":{"@type":"PropertyValueSpecification","valueRequired":true,"valueName":"search_term_string"}}],"inLanguage":"ca"}]}</script>
<!-- / Yoast SEO plugin. -->

Vi blanc Celler Mas Gomà Raïm: Xarel.lo Alt Penedès
